{"id":227,"date":"2025-03-28T09:07:38","date_gmt":"2025-03-28T09:07:38","guid":{"rendered":"https:\/\/doroslov.hr\/?page_id=227"},"modified":"2025-03-28T09:07:38","modified_gmt":"2025-03-28T09:07:38","slug":"pristup-informacijama","status":"publish","type":"page","link":"https:\/\/doroslov.hr\/index.php\/pristup-informacijama\/","title":{"rendered":"Pristup informacijama"},"content":{"rendered":"\n<p>Pravo na pristup informacijama i ponovnu uporabu informacija<\/p>\n\n\n\n<p>Temeljem \u010dlanka 3. Zakona o pravu na pristup informacijama (\u00bbNarodne novine\u00ab, broj 25\/13, 85\/15) ure\u0111eno je pravo na pristup informacijama fizi\u010dkim i pravnim osobama putem otvorenosti i javnosti djelovanja tijela javne vlasti.<\/p>\n\n\n\n<p>Pravo na pristup informacijama i ponovnu uporabu informacija obuhva\u0107a pravo korisnika na tra\u017eenje i dobivanje informacije kao i obvezu tijela javne vlasti da omogu\u0107i pristup zatra\u017eenoj informaciji, odnosno da objavljuje informacije neovisno o postavljenom zahtjevu kada takvo objavljivanje proizlazi iz obveze odre\u0111ene zakonom ili drugim propisom.<\/p>\n\n\n\n<p>Pravo na pristup informacijama i ponovnu uporabu informacija ure\u0111eno je i ostvaruje se u skladu sa Zakonom o pravu na pristup informacijama (\u00bbNarodne novine\u00ab, broj 25\/13, 85\/15). Zakonom se propisuju na\u010dela prava na pristup informacijama i ponovnu uporabu informacija, ograni\u010denja prava na pristup informacijama i ponovnu uporabu informacija, postupak za ostvarivanje i za\u0161titu prava na pristup informacijama i ponovnu uporabu informacija.<\/p>\n\n\n\n<p>Slu\u017ebenik za informiranje<\/p>\n\n\n\n<p>Doroslov d.o.o. javnost informira putem slu\u017ebene web stranice dokumentima i informacijama koje posjeduje i koji su javno dostupni u elektroni\u010dkom obliku i mogu\u0107e im je pristupiti bez upu\u0107ivanja posebnog zahtjeva, a pristup svim ostalim informacijama i dokumentima ostvaruje se podno\u0161enjem usmenog ili pisanog zahtjeva.<\/p>\n\n\n\n<p>Pravo na pristup informacijama i ponovnu uporabu informacija ostvaruje se podno\u0161enjem zahtjeva slu\u017ebeniku za informiranje na sljede\u0107e mogu\u0107e na\u010dine:<\/p>\n\n\n\n<p>putem telefona na broj: +385 (0) 31 632 284<br>putem faksa na broj: +385 (0) 31 630 946<br>elektroni\u010dkom po\u0161tom slu\u017ebeniku za informiranje: info@doroslov.hr<br>na obrascu Zahtjev za pristup informacijama \/ Zahtjev za dopunu ili ispravak informacije \/ Zahtjev za ponovnu uporabu informacija;<br>po\u0161tom na adresu: Naselje Tr\u017enica 2a, 31540 Donji Miholjac, Hrvatska na obrascu Zahtjev za pristup informacijama \/ Zahtjev za dopunu ili ispravak informacije \/ Zahtjev za ponovnu uporabu informacija;<br>\u00b7 osobno na adresu: Naselje Tr\u017enica 2a, 31540 Donji Miholjac Hrvatska, od ponedjeljka do petka od 07:00 do 15:00.<\/p>\n\n\n\n<p>Uvjeti za ponovnu uporabu informacija:<\/p>\n\n\n\n<p>Tijelo javne vlasti korisniku daje podatke za ponovnu uporabu bez ograni\u010denja, za slobodnu uporabu i u otvorenom formatu.<br>U opravdanim slu\u010dajevima tijelo javne vlasti mo\u017ee odrediti uvjete za ponovnu uporabu. U slu\u010daju odre\u0111ivanja uvjeta za ponovnu uporabu njihov sadr\u017eaj i primjena ne smiju neopravdano ograni\u010davati mogu\u0107nost ponovne uporabe, niti se smiju koristiti kako bi se ograni\u010dilo tr\u017ei\u0161no natjecanje.<br>Uvjeti za ponovnu uporabu informacija ne smiju biti diskriminiraju\u0107i za iste ili sli\u010dne vrste informacija, odnosno za komercijalnu ili nekomercijalnu uporabu.<br>Na tijelo javne vlasti koje ponovno koristi svoje informacije kao osnovu za komercijalne aktivnosti koje ne spadaju u djelokrug njegovih javnih poslova primjenjuju se isti uvjeti ka za druge korisnike.<br>Vrste i sadr\u017eaj dozvola kojima se utvr\u0111uju ponovne uporabe, u skladu sa standardnim otvorenim dozvolama, pravilnikom ure\u0111uje ministar nadle\u017ean za poslove uprave.<br>Tijelo javne vlasti du\u017eno je na svojoj internetskoj stranici objaviti dozvole kojima se odre\u0111uju uvjeti ponovne uporabe ili poveznice na takve dozvole u skladu sa standardnim otvorenim dozvolama.<\/p>\n\n\n\n<p>Zahtjev za pristup informacijama<\/p>\n\n\n\n<p>Zahtjev za dopunu ili ispravak informacije<\/p>\n\n\n\n<p>Zahtjev za ponovnu uporabu informacija<\/p>\n\n\n\n<p>Slu\u017ebenik za informiranje:<br>Antonija Panduri\u0107<br>Naselje Tr\u017enica 2a, 31540 Donji Miholjac, Hrvatska<br>Tel.: +385 (0) 31 632 284<br>Fax.: +385 (0) 31 630 946<br>E-mail slu\u017ebenika za informiranje: info@doroslov.hr<br>Uredovno vrijeme za rad sa strankama odre\u0111uje se od ponedjeljka do petka od 07:00 do 15:00 sati.<br>Tro\u0161kovi dostave informacija obra\u010dunavaju se prema va\u017ee\u0107em cjeniku redovnih po\u0161tanskih usluga.<\/p>\n","protected":false},"excerpt":{"rendered":"<p>Pravo na pristup informacijama i ponovnu uporabu informacija Temeljem \u010dlanka 3. Zakona o pravu na pristup informacijama (\u00bbNarodne novine\u00ab, broj 25\/13, 85\/15) ure\u0111eno je pravo na pristup informacijama fizi\u010dkim i pravnim osobama putem otvorenosti i javnosti djelovanja tijela javne vlasti. Pravo na pristup informacijama i ponovnu uporabu informacija obuhva\u0107a pravo korisnika na tra\u017eenje i dobivanje [&hellip;]<\/p>\n","protected":false},"author":1,"featured_media":0,"parent":0,"menu_order":0,"comment_status":"closed","ping_status":"closed","template":"","meta":{"footnotes":""},"class_list":["post-227","page","type-page","status-publish","hentry"],"_links":{"self":[{"href":"https:\/\/doroslov.hr\/index.php\/wp-json\/wp\/v2\/pages\/227","targetHints":{"allow":["GET"]}}],"collection":[{"href":"https:\/\/doroslov.hr\/index.php\/wp-json\/wp\/v2\/pages"}],"about":[{"href":"https:\/\/doroslov.hr\/index.php\/wp-json\/wp\/v2\/types\/page"}],"author":[{"embeddable":true,"href":"https:\/\/doroslov.hr\/index.php\/wp-json\/wp\/v2\/users\/1"}],"replies":[{"embeddable":true,"href":"https:\/\/doroslov.hr\/index.php\/wp-json\/wp\/v2\/comments?post=227"}],"version-history":[{"count":1,"href":"https:\/\/doroslov.hr\/index.php\/wp-json\/wp\/v2\/pages\/227\/revisions"}],"predecessor-version":[{"id":228,"href":"https:\/\/doroslov.hr\/index.php\/wp-json\/wp\/v2\/pages\/227\/revisions\/228"}],"wp:attachment":[{"href":"https:\/\/doroslov.hr\/index.php\/wp-json\/wp\/v2\/media?parent=227"}],"curies":[{"name":"wp","href":"https:\/\/api.w.org\/{rel}","templated":true}]}}