{"id":139,"date":"2025-03-27T08:20:38","date_gmt":"2025-03-27T08:20:38","guid":{"rendered":"https:\/\/doroslov.hr\/?page_id=139"},"modified":"2026-01-28T06:43:44","modified_gmt":"2026-01-28T06:43:44","slug":"profil-tvrtke","status":"publish","type":"page","link":"https:\/\/doroslov.hr\/index.php\/profil-tvrtke\/","title":{"rendered":"Profil tvrtke"},"content":{"rendered":"\n<div class=\"wp-block-group alignfull has-global-padding is-layout-constrained wp-container-core-group-is-layout-301020a0 wp-block-group-is-layout-constrained\" style=\"padding-top:var(--wp--preset--spacing--50);padding-right:var(--wp--preset--spacing--50);padding-bottom:var(--wp--preset--spacing--50);padding-left:var(--wp--preset--spacing--50)\">\n<div class=\"wp-block-columns alignwide is-layout-flex wp-container-core-columns-is-layout-08c01c1c wp-block-columns-is-layout-flex\">\n<div class=\"wp-block-column is-layout-flow wp-block-column-is-layout-flow\" style=\"flex-basis:66.66%\">\n<h3 class=\"wp-block-heading\">Op\u0107e informacije<\/h3>\n\n\n\n<p>Tvrtka je osnovana 2014.godine, diobom Komunalnog gospodarstva Park d.o.o. na dvije tvrtke, gdje Doroslov d.o.o. preuzima djelatnosti odvoza i zbrinjavanja otpada, zelenila i \u010disto\u0107e i gradskih groblja. <\/p>\n\n\n\n<p>Tvrtka je u vlasni\u0161tvu Grada Donjeg Miholjca i Op\u0107ine Marijanci.<br><br>Puni naziv: DOROSLOV dru\u0161tvo s ograni\u010denom odgovorno\u0161\u0107u za<br>komunalne djelatnosti<br>Sjedi\u0161te i adresa: Naselje Tr\u017enica 2\/a, 31540 Donji Miholjac<br>Pravno ustrojbeni oblik: d.o.o. prema Zakonu o trgova\u010dkim dru\u0161tvima<br>Djelatnost: Skupljanje neopasnog otpada<br>Mati\u010dni broj poslovnog subjekta: 4090608<br>Osobni identifikacijski broj (OIB): 54395174446<br>Mjesto osnivanja: Osijek<br>Datum: 25.7.2013<br>MBS: 30135212<br>Temeljni kapital: 795.220,00 eur<\/p>\n\n\n\n<p>GRAD DONJI MIHOLJAC, OIB: 49744793900 (Prika\u017ei vezane subjekte)<br>Donji Miholjac, Vukovarska 1 &#8211; \u010dlan dru\u0161tva<br>OP\u0106INA MARIJANCI, OIB: 10282419721 (Prika\u017ei vezane subjekte)<br>Marijanci, Kralja Zvonimira 2 &#8211; \u010dlan dru\u0161tva<\/p>\n\n\n\n<p>Osobe ovla\u0161tene za zastupanje: Ivan Pobi, dipl.oec<\/p>\n<\/div>\n\n\n\n<div class=\"wp-block-column is-layout-flow wp-block-column-is-layout-flow\" style=\"flex-basis:33.33%\">\n<div class=\"wp-block-buttons is-layout-flex wp-block-buttons-is-layout-flex\">\n<div class=\"wp-block-button\"><a class=\"wp-block-button__link wp-element-button\">Op\u0107e informacije<\/a><\/div>\n\n\n\n<div class=\"wp-block-button\"><a class=\"wp-block-button__link wp-element-button\" href=\"https:\/\/doroslov.hr\/index.php\/uprava-i-organizacija\/\">Uprava i organizacija<\/a><\/div>\n\n\n\n<div class=\"wp-block-button\"><a class=\"wp-block-button__link wp-element-button\" href=\"https:\/\/doroslov.hr\/index.php\/vizija-i-misija-2\/\">Vizija i misija<\/a><\/div>\n\n\n\n<div class=\"wp-block-button\"><a class=\"wp-block-button__link wp-element-button\" href=\"https:\/\/doroslov.hr\/index.php\/pristup-informacijama\/\">Pristup informacijama<\/a><\/div>\n\n\n\n<div class=\"wp-block-button\"><a class=\"wp-block-button__link wp-element-button\">Za\u0161tita osobnih podataka<\/a><\/div>\n\n\n\n<div class=\"wp-block-button\"><a class=\"wp-block-button__link wp-element-button\">Objavljivanje informacija<\/a><\/div>\n\n\n\n<div class=\"wp-block-button\"><a class=\"wp-block-button__link wp-element-button\" href=\"https:\/\/doroslov.hr\/index.php\/izvjesca\/\">Izvje\u0161\u0107a poduze\u0107a<\/a><\/div>\n\n\n\n<div class=\"wp-block-button\"><a class=\"wp-block-button__link wp-element-button\" href=\"https:\/\/doroslov.hr\/index.php\/javna-nabava\/\">Javna nabava<\/a><\/div>\n<\/div>\n<\/div>\n<\/div>\n<\/div>\n\n\n\n<div class=\"wp-block-columns is-layout-flex wp-container-core-columns-is-layout-28f84493 wp-block-columns-is-layout-flex\">\n<div class=\"wp-block-column is-layout-flow wp-block-column-is-layout-flow\"><\/div>\n<\/div>\n","protected":false},"excerpt":{"rendered":"<p>Op\u0107e informacije Tvrtka je osnovana 2014.godine, diobom Komunalnog gospodarstva Park d.o.o. na dvije tvrtke, gdje Doroslov d.o.o. preuzima djelatnosti odvoza i zbrinjavanja otpada, zelenila i \u010disto\u0107e i gradskih groblja. Tvrtka je u vlasni\u0161tvu Grada Donjeg Miholjca i Op\u0107ine Marijanci. Puni naziv: DOROSLOV dru\u0161tvo s ograni\u010denom odgovorno\u0161\u0107u zakomunalne djelatnostiSjedi\u0161te i adresa: Naselje Tr\u017enica 2\/a, 31540 Donji [&hellip;]<\/p>\n","protected":false},"author":1,"featured_media":0,"parent":0,"menu_order":0,"comment_status":"closed","ping_status":"closed","template":"","meta":{"footnotes":""},"class_list":["post-139","page","type-page","status-publish","hentry"],"_links":{"self":[{"href":"https:\/\/doroslov.hr\/index.php\/wp-json\/wp\/v2\/pages\/139","targetHints":{"allow":["GET"]}}],"collection":[{"href":"https:\/\/doroslov.hr\/index.php\/wp-json\/wp\/v2\/pages"}],"about":[{"href":"https:\/\/doroslov.hr\/index.php\/wp-json\/wp\/v2\/types\/page"}],"author":[{"embeddable":true,"href":"https:\/\/doroslov.hr\/index.php\/wp-json\/wp\/v2\/users\/1"}],"replies":[{"embeddable":true,"href":"https:\/\/doroslov.hr\/index.php\/wp-json\/wp\/v2\/comments?post=139"}],"version-history":[{"count":20,"href":"https:\/\/doroslov.hr\/index.php\/wp-json\/wp\/v2\/pages\/139\/revisions"}],"predecessor-version":[{"id":376,"href":"https:\/\/doroslov.hr\/index.php\/wp-json\/wp\/v2\/pages\/139\/revisions\/376"}],"wp:attachment":[{"href":"https:\/\/doroslov.hr\/index.php\/wp-json\/wp\/v2\/media?parent=139"}],"curies":[{"name":"wp","href":"https:\/\/api.w.org\/{rel}","templated":true}]}}