{"id":131,"date":"2025-03-27T08:04:10","date_gmt":"2025-03-27T08:04:10","guid":{"rendered":"https:\/\/doroslov.hr\/?page_id=131"},"modified":"2026-02-03T08:41:49","modified_gmt":"2026-02-03T08:41:49","slug":"rasporedi","status":"publish","type":"page","link":"https:\/\/doroslov.hr\/index.php\/rasporedi\/","title":{"rendered":"Rasporedi za 2026. godinu"},"content":{"rendered":"\n<h3 class=\"wp-block-heading\">Otpad<\/h3>\n\n\n\n<p>Donji Miholjac i prigradska naselja (osim op\u0107ine Marijanci) &#8211; Tjedni raspored odvoza ku\u0107nog otpada, raspored odvoza PET, MET, staklene ambala\u017ee i biorazgradivog otpada <\/p>\n\n\n\n<div data-wp-interactive=\"core\/file\" class=\"wp-block-file\"><object data-wp-bind--hidden=\"!state.hasPdfPreview\" hidden class=\"wp-block-file__embed\" data=\"https:\/\/doroslov.hr\/wp-content\/uploads\/2026\/02\/Kalendar-odvoza-2026-D.Miholjac.pdf\" type=\"application\/pdf\" style=\"width:100%;height:600px\" aria-label=\"Embed of Kalendar odvoza 2026 D.Miholjac.\"><\/object><a id=\"wp-block-file--media-5608a590-4d8f-41ee-ad03-e6a0e5bb3b4c\" href=\"https:\/\/doroslov.hr\/wp-content\/uploads\/2026\/02\/Kalendar-odvoza-2026-D.Miholjac.pdf\">Kalendar odvoza 2026 D.Miholjac<\/a><a href=\"https:\/\/doroslov.hr\/wp-content\/uploads\/2026\/02\/Kalendar-odvoza-2026-D.Miholjac.pdf\" class=\"wp-block-file__button wp-element-button\" download aria-describedby=\"wp-block-file--media-5608a590-4d8f-41ee-ad03-e6a0e5bb3b4c\">Download<\/a><\/div>\n\n\n\n<div style=\"height:30px\" aria-hidden=\"true\" class=\"wp-block-spacer\"><\/div>\n\n\n\n<p>Op\u0107ina Marijanci &#8211; Tjedni raspored odvoza ku\u0107nog otpada, raspored odvoza PET, MET, staklene ambala\u017ee i biorazgradivog otpada<\/p>\n\n\n\n<div data-wp-interactive=\"core\/file\" class=\"wp-block-file\"><object data-wp-bind--hidden=\"!state.hasPdfPreview\" hidden class=\"wp-block-file__embed\" data=\"https:\/\/doroslov.hr\/wp-content\/uploads\/2026\/02\/Raspored-odvoza-otpada-2026-Marijanci.pdf\" type=\"application\/pdf\" style=\"width:100%;height:600px\" aria-label=\"Embed of Raspored odvoza otpada 2026 Marijanci.\"><\/object><a id=\"wp-block-file--media-f9f75117-3920-42bf-94d0-5fc8197b8e36\" href=\"https:\/\/doroslov.hr\/wp-content\/uploads\/2026\/02\/Raspored-odvoza-otpada-2026-Marijanci.pdf\">Raspored odvoza otpada 2026 Marijanci<\/a><a href=\"https:\/\/doroslov.hr\/wp-content\/uploads\/2026\/02\/Raspored-odvoza-otpada-2026-Marijanci.pdf\" class=\"wp-block-file__button wp-element-button\" download aria-describedby=\"wp-block-file--media-f9f75117-3920-42bf-94d0-5fc8197b8e36\">Download<\/a><\/div>\n\n\n\n<p><\/p>\n\n\n\n<p>Op\u0107ina Marijanci &#8211; raspored odvoza otpada, rada recikla\u017enog dvori\u0161ta i mobilnog recikla\u017enog dvori\u0161ta<\/p>\n\n\n\n<div data-wp-interactive=\"core\/file\" class=\"wp-block-file\"><object data-wp-bind--hidden=\"!state.hasPdfPreview\" hidden class=\"wp-block-file__embed\" data=\"https:\/\/doroslov.hr\/wp-content\/uploads\/2026\/02\/MRC-Marijanci-2026.pdf\" type=\"application\/pdf\" style=\"width:100%;height:600px\" aria-label=\"Embed of Mobilno recikla\u017eno dvori\u0161te -  Marijanci 2026.\"><\/object><a id=\"wp-block-file--media-cf12ac83-60e2-42b8-9199-2ad3ff9bda1b\" href=\"https:\/\/doroslov.hr\/wp-content\/uploads\/2026\/02\/MRC-Marijanci-2026.pdf\">Mobilno recikla\u017eno dvori\u0161te &#8211;  Marijanci 2026<\/a><a href=\"https:\/\/doroslov.hr\/wp-content\/uploads\/2026\/02\/MRC-Marijanci-2026.pdf\" class=\"wp-block-file__button wp-element-button\" download aria-describedby=\"wp-block-file--media-cf12ac83-60e2-42b8-9199-2ad3ff9bda1b\">Download<\/a><\/div>\n\n\n\n<p class=\"has-text-align-left\">Recikla\u017eno dvori\u0161te &#8220;Marijanci&#8221; nalazi se na adresi: Svetog Marka 40, Kuni\u0161inci, Marijanci. <br>Radno vrijeme: &#8211; utorkom i \u010detvrtkom od 12:00 do 18:00 sati<\/p>\n\n\n\n<p class=\"has-text-align-left\"><br>Napomena za staklenu ambala\u017eu!<br>Skladno Odluci o na\u010dinu pru\u017eanja javne usluge sakupljanja komunalnog otpada na podru\u010dju Op\u0107ine Marijanci od mjeseca travnja 2025. godine zapo\u010deti \u0107emo s prikupljanjem staklene ambala\u017ee kao razdvojeno prikupljenog otpada.<br>Staklena ambala\u017ea odvoziti \u0107e se svakog zadnjeg radnog petka u mjesecu.<br>Korisnici su du\u017eni iznijeti staklenu ambala\u017eu ispred ku\u0107a u namjenskim vre\u0107icama koje mogu preuzeti u recikla\u017enom dvori\u0161tu i u zgradi Op\u0107ine Marijanci ili u drugim prozirnim vre\u0107icama kako bi sadr\u017eaj bio vidljiv.<br>Staklena ambala\u017ea su boce i teglice koje moraju biti prazne i \u010diste radi predaje na oporabu. U staklenu ambala\u017eu nikako ne idu razbijene boce, teglice, keramika, ravno prozorsko staklo, sijalice i sl.<\/p>\n\n\n\n<div style=\"height:30px\" aria-hidden=\"true\" class=\"wp-block-spacer\"><\/div>\n\n\n\n<p>Raspored rada mobilnog recikla\u017enog dvori\u0161ta za prigradska naselja (P.Podgajci, Sv.\u0110ura\u0111, Rakitovica, Miholja\u010dki Pore\u010d, Golinci, Radikovci):<\/p>\n\n\n\n<div data-wp-interactive=\"core\/file\" class=\"wp-block-file\"><object data-wp-bind--hidden=\"!state.hasPdfPreview\" hidden class=\"wp-block-file__embed\" data=\"https:\/\/doroslov.hr\/wp-content\/uploads\/2026\/02\/MRC-D.Miholjac-2026.pdf\" type=\"application\/pdf\" style=\"width:100%;height:600px\" aria-label=\"Embed of Mobilno recikla\u017eno - prigradska naselja Donji Miholjac 2026.\"><\/object><a id=\"wp-block-file--media-71b8330e-c9bd-4382-a5de-0d17c0039e32\" href=\"https:\/\/doroslov.hr\/wp-content\/uploads\/2026\/02\/MRC-D.Miholjac-2026.pdf\">Mobilno recikla\u017eno &#8211; prigradska naselja Donji Miholjac 2026<\/a><a href=\"https:\/\/doroslov.hr\/wp-content\/uploads\/2026\/02\/MRC-D.Miholjac-2026.pdf\" class=\"wp-block-file__button wp-element-button\" download aria-describedby=\"wp-block-file--media-71b8330e-c9bd-4382-a5de-0d17c0039e32\">Download<\/a><\/div>\n\n\n\n<div style=\"height:30px\" aria-hidden=\"true\" class=\"wp-block-spacer\"><\/div>\n\n\n\n<h4 class=\"wp-block-heading\">Raspored odvoza glomaznog otpada za 2026. god.:<\/h4>\n\n\n\n<p>ISTOK:<\/p>\n\n\n\n<ul class=\"wp-block-list\">\n<li>20.02.2026. (petak)<\/li>\n\n\n\n<li>20.03.2026. (petak)<\/li>\n\n\n\n<li>22.05.2026. (petak)<\/li>\n\n\n\n<li>17.07.2026. (petak)<\/li>\n\n\n\n<li>18.09.2026. (petak)<\/li>\n\n\n\n<li>23.10.2026. (petak)<\/li>\n<\/ul>\n\n\n\n<p>ZAPAD:<\/p>\n\n\n\n<ul class=\"wp-block-list\">\n<li>27.20.2026. (petak)<\/li>\n\n\n\n<li>27.03.2026. (petak)<\/li>\n\n\n\n<li>29.05.2026. (petak)<\/li>\n\n\n\n<li>24.07.2026. (petak)<\/li>\n\n\n\n<li>25.09.2026. (petak)<\/li>\n\n\n\n<li>30.10.2026. (petak)<\/li>\n<\/ul>\n\n\n\n<p>OP\u0106INA MARIJANCI:<\/p>\n\n\n\n<ul class=\"wp-block-list\">\n<li>30.01.2026. (petak)<\/li>\n\n\n\n<li>24.04.2026. (petak)<\/li>\n\n\n\n<li>31.07.2026. (petak) <\/li>\n\n\n\n<li>27.11.2026. (petak)<\/li>\n<\/ul>\n\n\n\n<p>Odvoz glomaznog otpada je potrebno prijaviti na mail ili na telefon.<\/p>\n\n\n\n<p><\/p>\n","protected":false},"excerpt":{"rendered":"<p>Otpad Donji Miholjac i prigradska naselja (osim op\u0107ine Marijanci) &#8211; Tjedni raspored odvoza ku\u0107nog otpada, raspored odvoza PET, MET, staklene ambala\u017ee i biorazgradivog otpada Op\u0107ina Marijanci &#8211; Tjedni raspored odvoza ku\u0107nog otpada, raspored odvoza PET, MET, staklene ambala\u017ee i biorazgradivog otpada Op\u0107ina Marijanci &#8211; raspored odvoza otpada, rada recikla\u017enog dvori\u0161ta i mobilnog recikla\u017enog dvori\u0161ta Recikla\u017eno [&hellip;]<\/p>\n","protected":false},"author":1,"featured_media":0,"parent":0,"menu_order":0,"comment_status":"closed","ping_status":"closed","template":"","meta":{"footnotes":""},"class_list":["post-131","page","type-page","status-publish","hentry"],"_links":{"self":[{"href":"https:\/\/doroslov.hr\/index.php\/wp-json\/wp\/v2\/pages\/131","targetHints":{"allow":["GET"]}}],"collection":[{"href":"https:\/\/doroslov.hr\/index.php\/wp-json\/wp\/v2\/pages"}],"about":[{"href":"https:\/\/doroslov.hr\/index.php\/wp-json\/wp\/v2\/types\/page"}],"author":[{"embeddable":true,"href":"https:\/\/doroslov.hr\/index.php\/wp-json\/wp\/v2\/users\/1"}],"replies":[{"embeddable":true,"href":"https:\/\/doroslov.hr\/index.php\/wp-json\/wp\/v2\/comments?post=131"}],"version-history":[{"count":21,"href":"https:\/\/doroslov.hr\/index.php\/wp-json\/wp\/v2\/pages\/131\/revisions"}],"predecessor-version":[{"id":391,"href":"https:\/\/doroslov.hr\/index.php\/wp-json\/wp\/v2\/pages\/131\/revisions\/391"}],"wp:attachment":[{"href":"https:\/\/doroslov.hr\/index.php\/wp-json\/wp\/v2\/media?parent=131"}],"curies":[{"name":"wp","href":"https:\/\/api.w.org\/{rel}","templated":true}]}}