{"id":127,"date":"2025-03-27T08:00:31","date_gmt":"2025-03-27T08:00:31","guid":{"rendered":"https:\/\/doroslov.hr\/?page_id=127"},"modified":"2025-03-28T14:01:04","modified_gmt":"2025-03-28T14:01:04","slug":"cjenici-usluga","status":"publish","type":"page","link":"https:\/\/doroslov.hr\/index.php\/cjenici-usluga\/","title":{"rendered":"Cjenici usluga"},"content":{"rendered":"\n<h3 class=\"wp-block-heading\">Odvoz otpada i gospodarenje otpadom<\/h3>\n\n\n\n<p><a href=\"https:\/\/doroslov.hr\/wp-content\/uploads\/2025\/03\/CJENIK-OTPADA-DEPONIJA.pdf\" data-type=\"link\" data-id=\"https:\/\/doroslov.hr\/wp-content\/uploads\/2025\/03\/Cjenik-zbrinjavanja-izvan-javne-usluge-na-odlagalistu-2025.pdf\">Cjenik zbrinjavanja otpada izvan javne usluge na odlagali\u0161tu<\/a><\/p>\n\n\n\n<p><a href=\"https:\/\/doroslov.hr\/wp-content\/uploads\/2025\/03\/Cjenik-gospodarenja-otpadom.pdf\" data-type=\"link\" data-id=\"https:\/\/doroslov.hr\/wp-content\/uploads\/2025\/03\/Cjenik-zbrinjavanja-izvan-javne-usluge-na-odlagalistu-2025.pdf\">Cjenik gospodarenja otpadom<\/a><\/p>\n\n\n\n<p><a href=\"https:\/\/doroslov.hr\/wp-content\/uploads\/2025\/03\/Cjenik-REC-ne-kucanstvo.pdf\">Cjenik odlaganja otpada na recikla\u017eno dvori\u0161te za kategoriju neku\u0107anstvo<\/a><\/p>\n\n\n\n<h3 class=\"wp-block-heading\">Dimnja\u010darske usluge<\/h3>\n\n\n\n<p><a href=\"https:\/\/doroslov.hr\/wp-content\/uploads\/2025\/03\/Cjenik-dimnjacari.pdf\">Cjenik dimnja\u010darskih usluga<\/a><\/p>\n\n\n\n<h3 class=\"wp-block-heading\">Grobljanske usluge<\/h3>\n\n\n\n<h3 class=\"wp-block-heading\">Tr\u017enica<\/h3>\n\n\n\n<h3 class=\"wp-block-heading\">Zelenilo i odr\u017eavanje \u010disto\u0107e<\/h3>\n\n\n\n<h3 class=\"wp-block-heading\">Parking<\/h3>\n\n\n\n<p><\/p>\n","protected":false},"excerpt":{"rendered":"<p>Odvoz otpada i gospodarenje otpadom Cjenik zbrinjavanja otpada izvan javne usluge na odlagali\u0161tu Cjenik gospodarenja otpadom Cjenik odlaganja otpada na recikla\u017eno dvori\u0161te za kategoriju neku\u0107anstvo Dimnja\u010darske usluge Cjenik dimnja\u010darskih usluga Grobljanske usluge Tr\u017enica Zelenilo i odr\u017eavanje \u010disto\u0107e Parking<\/p>\n","protected":false},"author":1,"featured_media":0,"parent":0,"menu_order":0,"comment_status":"closed","ping_status":"closed","template":"","meta":{"footnotes":""},"class_list":["post-127","page","type-page","status-publish","hentry"],"_links":{"self":[{"href":"https:\/\/doroslov.hr\/index.php\/wp-json\/wp\/v2\/pages\/127","targetHints":{"allow":["GET"]}}],"collection":[{"href":"https:\/\/doroslov.hr\/index.php\/wp-json\/wp\/v2\/pages"}],"about":[{"href":"https:\/\/doroslov.hr\/index.php\/wp-json\/wp\/v2\/types\/page"}],"author":[{"embeddable":true,"href":"https:\/\/doroslov.hr\/index.php\/wp-json\/wp\/v2\/users\/1"}],"replies":[{"embeddable":true,"href":"https:\/\/doroslov.hr\/index.php\/wp-json\/wp\/v2\/comments?post=127"}],"version-history":[{"count":18,"href":"https:\/\/doroslov.hr\/index.php\/wp-json\/wp\/v2\/pages\/127\/revisions"}],"predecessor-version":[{"id":242,"href":"https:\/\/doroslov.hr\/index.php\/wp-json\/wp\/v2\/pages\/127\/revisions\/242"}],"wp:attachment":[{"href":"https:\/\/doroslov.hr\/index.php\/wp-json\/wp\/v2\/media?parent=127"}],"curies":[{"name":"wp","href":"https:\/\/api.w.org\/{rel}","templated":true}]}}